{"id":2,"date":"2022-05-27T05:24:03","date_gmt":"2022-05-27T05:24:03","guid":{"rendered":"http:\/\/onixcontabil.com\/?page_id=2"},"modified":"2022-05-27T05:44:49","modified_gmt":"2022-05-27T05:44:49","slug":"sample-page","status":"publish","type":"page","link":"https:\/\/onixcontabil.com\/index.php\/sample-page\/","title":{"rendered":"SERVI\u00c7OS OFERECIDOS"},"content":{"rendered":"\n<p> Nossa equipe \u00e9 dividida em quatro departamentos, preparados para realizar os seguintes servi\u00e7os:<\/p>\n\n\n\n<p> <\/p>\n\n\n\n<p> <\/p>\n\n\n\n<p>Departamento Cont\u00e1bil &#8211; <\/p>\n\n\n\n<p>Registros de documentos e informa\u00e7\u00f5es relativas a empresa. &#8211; Elabora\u00e7\u00e3o de demonstra\u00e7\u00f5es e relat\u00f3rios cont\u00e1beis, sempre observando os princ\u00edpios, normas cont\u00e1beis e a legisla\u00e7\u00e3o em vigor. &#8211; An\u00e1lises das demonstra\u00e7\u00f5es e conflitos fiscais. &#8211; Avalia\u00e7\u00e3o de empresas \u2013 Quanto vale sua empresa<\/p>\n\n\n\n<p>Departamento Fiscal &#8211; <\/p>\n\n\n\n<p>Classifica\u00e7\u00e3o das notas ficais de entrada, sa\u00edda e servi\u00e7os prestados. &#8211; Apura\u00e7\u00e3o de impostos, tais como: ICMS, IPI, ISS, COFINS, PIS, IRPJ, CSLL, etc. &#8211; Envio de guias de recolhimento aos clientes. &#8211; Entrega de todas as obriga\u00e7\u00f5es acess\u00f3rias peri\u00f3dicas das tr\u00eas esferas governamentais (Uni\u00e3o, Estado, Munic\u00edpio). Ex. DCTF, SPED, ECD, ECF, DIRF, etc. &#8211; Comunica\u00e7\u00e3o ao cliente todas as novidades e mudan\u00e7as na legisla\u00e7\u00e3o. &#8211; Prestar assessoria ao cliente quanto \u00e0s d\u00favidas relacionadas ao departamento. Ex: Emiss\u00e3o de notas fiscais, valores das al\u00edquotas, entrega de declara\u00e7\u00f5es, etc. &#8211; Planejamento tribut\u00e1rio <\/p>\n\n\n\n<p>Departamento Legal &#8211; <\/p>\n\n\n\n<p>Abertura, transfer\u00eancia e encerramento de empresas. &#8211; Altera\u00e7\u00f5es contratuais &#8211; Extin\u00e7\u00e3o (Baixas) de empresas &#8211; Obten\u00e7\u00f5es de certid\u00f5es e alvar\u00e1s &#8211; Regulariza\u00e7\u00e3o de cadastros e registros, sempre atendendo \u00e0s exig\u00eancias junto aos \u00f3rg\u00e3os da administra\u00e7\u00e3o p\u00fablica &#8211; Blindagem patrimonial <\/p>\n\n\n\n<p>Departamento Pessoal &#8211; <\/p>\n\n\n\n<p>Registros de funcion\u00e1rios com toda a documenta\u00e7\u00e3o legal &#8211; Folhas de pagamento de funcion\u00e1rios, aut\u00f4nomos, pr\u00f3-labore, etc. &#8211; Elabora\u00e7\u00e3o de guias de recolhimento (FGTS, INSS, GFIP) &#8211; Obriga\u00e7\u00f5es acess\u00f3rias (RAIS, CAGED, DIRF, etc.) &#8211; Orienta\u00e7\u00f5es e consultoria relacionadas ao departamento.<\/p>\n\n\n\n<p><\/p>\n\n\n\n<p><\/p>\n\n\n\n<p><\/p>\n","protected":false},"excerpt":{"rendered":"<p>Nossa equipe \u00e9 dividida em quatro departamentos, preparados para realizar os seguintes servi\u00e7os: Departamento Cont\u00e1bil &#8211; Registros de documentos e informa\u00e7\u00f5es relativas a empresa. &#8211; Elabora\u00e7\u00e3o de demonstra\u00e7\u00f5es e relat\u00f3rios cont\u00e1beis, sempre observando os princ\u00edpios, normas cont\u00e1beis e a legisla\u00e7\u00e3o em vigor. &#8211; An\u00e1lises das demonstra\u00e7\u00f5es e conflitos fiscais. &#8211; Avalia\u00e7\u00e3o de empresas \u2013 Quanto [&hellip;]<\/p>\n","protected":false},"author":1,"featured_media":0,"parent":0,"menu_order":0,"comment_status":"closed","ping_status":"open","template":"","meta":{"om_disable_all_campaigns":false,"_monsterinsights_skip_tracking":false,"_monsterinsights_sitenote_active":false,"_monsterinsights_sitenote_note":"","_monsterinsights_sitenote_category":0},"_links":{"self":[{"href":"https:\/\/onixcontabil.com\/index.php\/wp-json\/wp\/v2\/pages\/2"}],"collection":[{"href":"https:\/\/onixcontabil.com\/index.php\/wp-json\/wp\/v2\/pages"}],"about":[{"href":"https:\/\/onixcontabil.com\/index.php\/wp-json\/wp\/v2\/types\/page"}],"author":[{"embeddable":true,"href":"https:\/\/onixcontabil.com\/index.php\/wp-json\/wp\/v2\/users\/1"}],"replies":[{"embeddable":true,"href":"https:\/\/onixcontabil.com\/index.php\/wp-json\/wp\/v2\/comments?post=2"}],"version-history":[{"count":1,"href":"https:\/\/onixcontabil.com\/index.php\/wp-json\/wp\/v2\/pages\/2\/revisions"}],"predecessor-version":[{"id":77,"href":"https:\/\/onixcontabil.com\/index.php\/wp-json\/wp\/v2\/pages\/2\/revisions\/77"}],"wp:attachment":[{"href":"https:\/\/onixcontabil.com\/index.php\/wp-json\/wp\/v2\/media?parent=2"}],"curies":[{"name":"wp","href":"https:\/\/api.w.org\/{rel}","templated":true}]}}